.
17
Calculate the remainder when 9184411 is divided by 18820.
251
What is the remainder when 403101 is divided by 100756?
77
What is the remainder when 137575 is divided by 45422?
1309
What is the remainder when 24458241 is divided by 2683?
13
Calculate the remainder when 264305 is divided by 2861.
1093
Calculate the remainder when 485430 is divided by 20977.
2959
What is the remainder when 42397 is divided by 471?
7
Calculate the remainder when 608409 is divided by 145.
134
Calculate the remainder when 4308 is divided by 948.
516
What is the remainder when 415131 is divided by 133568?
14427
Calculate the remainder when 59447 is divided by 3688.
439
What is the remainder when 349150 is divided by 4057?
248
Calculate the remainder when 4930018 is divided by 180.
178
What is the remainder when 61381 is divided by 60868?
513
Calculate the remainder when 1044719 is divided by 1.
0
What is the remainder when 4734401 is divided by 2285?
2166
What is the remainder when 5216405 is divided by 33015?
35
Calculate the remainder when 3615173 is divided by 5579.
5560
What is the remainder when 6357097 is divided by 151?
148
What is the remainder when 795840 is divided by 106?
98
Calculate the remainder when 7497495 is divided by 11.
5
Calculate the remainder when 4118494 is divided by 27.
22
Calculate the remainder when 1062530 is divided by 265629.
14
Calculate the remainder when 35290 is divided by 1292.
406
Calculate the remainder when 6424726 is divided by 279332.
90
What is the remainder when 6370000 is divided by 306?
304
Calculate the remainder when 1812611 is divided by 8801.
8406
Calculate the remainder when 1371130 is divided by 22115.
0
What is the remainder when 1174522 is divided by 571?
546
Calculate the remainder when 111467 is divided by 3128.
1987
Calculate the remainder when 10136641 is divided by 35319.
88
What is the remainder when 34777 is divided by 170?
97
What is the remainder when 6946 is divided by 78?
4
What is the remainder when 55195 is divided by 230?
225
What is the remainder when 22748916 is divided by 178?
160
What is the remainder when 5256019 is divided by 5919?
5866
Calculate the remainder when 1559842 is divided by 3194.
1170
What is the remainder when 550704 is divided by 1340?
1304
Calculate the remainder when 3559309 is divided by 257.
116
Calculate the remainder when 596004 is divided by 297788.
428
What is the remainder when 16519 is divided by 7649?
1221
What is the remainder when 3311693 is divided by 1103804?
281
Calculate the remainder when 128803 is divided by 7532.
759
What is the remainder when 1972039 is divided by 123234?
295
What is the remainder when 16794009 is divided by 16793987?
22
What is the remainder when 77101 is divided by 150?
1
What is the remainder when 64032 is divided by 31732?
568
What is the remainder when 113989334 is divided by 6083?
6080
What is the remainder when 876606 is divided by 6130?
16
What is the remainder when 3694549 is divided by 444?
25
What is the remainder when 59512 is divided by 27693?
4126
What is the remainder when 276767 is divided by 27674?
27
Calculate the remainder when 2621800 is divided by 756.
748
Calculate the remainder when 475127 is divided by 5684.
3355
Calculate the remainder when 14864 is divided by 622.
558
What is the remainder when 381738 is divided by 1130?
928
Calculate the remainder when 54602401 is divided by 10541.
21
Calculate the remainder when 6291633 is divided by 2097209.
6
What is the remainder when 353722 is divided by 2390?
2
What is the remainder when 51195919 is divided by 17065300?
19
Calculate the remainder when 143974 is divided by 25.
24
What is the remainder when 659806 is divided by 21993?
16
What is the remainder when 2099686 is divided by 524912?
38
Calculate the remainder when 5769279 is divided by 1923091.
6
Calculate the remainder when 8925559 is divided by 97.
7
Calculate the remainder when 2364167 is divided by 26268.
47
Calculate the remainder when 969802 is divided by 139.
138
What is the remainder when 146311025 is divided by 213905?
5
What is the remainder when 408385033 is divided by 873?
871
What is the remainder when 527197 is divided by 837?
724
Calculate the remainder when 1372394 is divided by 95.
24
Calculate the remainder when 933350 is divided by 71794.
28
What is the remainder when 7229654 is divided by 451853?
6
What is the remainder when 12741303 is divided by 35100?
3
Calculate the remainder when 940164 is divided by 940157.
7
Calculate the remainder when 7524179 is divided by 163569.
5
Calculate the remainder when 44013790 is divided by 91.
2
What is the remainder when 32630 is divided by 2304?
374
What is the remainder when 20070574 is divided by 180?
34
Calculate the remainder when 782350526 is divided by 1245.
1241
Calculate the remainder when 5373056 is divided by 3594.
26
Calculate the remainder when 7114673 is divided by 366.
365
Calculate the remainder when 30994138 is divided by 11.
10
What is the remainder when 9815229 is divided by 2289?
2286
Calculate the remainder when 5064398 is divided by 220.
218
Calculate the remainder when 715629024 is divided by 87.
84
What is the remainder when 109301062 is divided by 460?
2
Calculate the remainder when 1498668 is divided by 4979.
4968
What is the remainder when 3445269 is divided by 25?
19
What is the remainder when 32443661 is divided by 116?
85
Calculate the remainder when 91872093 is divided by 48.
45
What is the remainder when 125086 is divided by 60?
46
Calculate the remainder when 1183124 is divided by 5857.
10
Calculate the remainder when 516576 is divided by 117.
21
What is the remainder when 981380 is divided by 245340?
20
What is the remainder when 434372 is divided by 1568?
36
What is the remainder when 481603 is divided by 21865?
573
What is the remainder when 3848891 is divided by 417?
398
What is the remainder when 16498994 is divided by 5965?
5769
What is the remainder when 371903344 is divided by 2339?
5
What is the remainder when 43193161 is divided by 1939?
1936
Calculate the remainder when 620882 is divided by 67896.
9818
Calculate the remainder when 852871 is divided by 426393.
85
What is the remainder when 52371374 is divided by 1967?
1966
What is the remainder when 6420327 is divided by 220?
67
What is the remainder when 13298564 is divided by 6649243?
78
What is the remainder when 10553742 is divided by 2638431?
18
What is the remainder when 18026497 is divided by 18026488?
9
What is the remainder when 114771 is divided by 4782?
3
Calculate the remainder when 93229094 is divided by 2675.
2669
What is the remainder when 12746 is divided by 3683?
1697
What is the remainder when 5606 is divided by 3426?
2180
What is the remainder when 63178 is divided by 20748?
934
Calculate the remainder when 249622 is divided by 5649.
1066
Calculate the remainder when 44367 is divided by 1393.
1184
What is the remainder when 345911 is divided by 97?
9
Calculate the remainder when 404427 is divided by 39.
36
What is the remainder when 202498713 is divided by 3372?
3369
Calculate the remainder when 1735602 is divided by 17.
4
Calculate the remainder when 13678970 is divided by 3895.
3625
Calculate the remainder when 4343412 is divided by 296.
204
Calculate the remainder when 1959614 is divided by 133.
125
Calculate the remainder when 2820644368 is divided by 1898.
1894
Calculate the remainder when 7737644 is divided by 6045.
44
Calculate the remainder when 269634101 is divided by 2429136.
5
What is the remainder when 329510 is divided by 54754?
986
Calculate the remainder when 995318 is divided by 142187.
9
Calculate the remainder when 116979674 is divided by 186.
182
Calculate the remainder when 126422 is divided by 8930.
1402
What is the remainder when 58732 is divided by 58318?
414
Calculate the remainder when 5775386 is divided by 21.
8
Calculate the remainder when 1098037 is divided by 52287.
10
Calculate the remainder when 51790 is divided by 1287.
310
What is the remainder when 3193912 is divided by 1596923?
66
What is the remainder when 341341 is divided by 68223?
226
Calculate the remainder when 739113421 is divided by 19.
7
What is the remainder when 23527 is divided by 5370?
2047
Calculate the remainder when 221620 is divided by 3884